{"id":4145,"date":"2021-08-25T10:28:26","date_gmt":"2021-08-25T10:28:26","guid":{"rendered":"https:\/\/helpful.my-mind.online\/?post_type=product&#038;p=4145"},"modified":"2021-08-25T14:51:25","modified_gmt":"2021-08-25T14:51:25","slug":"heraw","status":"publish","type":"product","link":"https:\/\/helpful.my-mind.online\/?product=heraw","title":{"rendered":"Heraw"},"content":{"rendered":"<table style=\"border-collapse: collapse; width: 54.3563%; height: 152px;\">\n<tbody>\n<tr>\n<td style=\"width: 100%; background-color: #000000; text-align: center;\">\n<h3><span style=\"color: #ffffff; font-size: 14pt;\">La solution collaborative<\/span><\/h3>\n<\/td>\n<\/tr>\n<tr>\n<td style=\"width: 100%; background-color: #000000; text-align: center;\">\n<h3><span style=\"color: #ffcc00; font-size: 14pt;\"><strong>modulable, s\u00e9curis\u00e9e et intuitive<\/strong><\/span><\/h3>\n<\/td>\n<\/tr>\n<tr>\n<td style=\"width: 100%; background-color: #000000; text-align: center;\">\n<h3><span style=\"color: #ffffff; font-size: 14pt;\">pour vos contenus cr\u00e9atifs<\/span><\/h3>\n<\/td>\n<\/tr>\n<\/tbody>\n<\/table>\n<div class=\"block-title\">\n<h3 class=\"block-title__title\">Organisez vos projets avec vos \u00e9quipes<\/h3>\n<p class=\"block-title__subtitle\">G\u00e9rer vos projets n\u2019a jamais \u00e9t\u00e9 aussi simple ! D\u00e9couvrez nos toutes nouvelles fonctionnalit\u00e9s pour g\u00e9rer vos projets et vos \u00e9quipes.<\/p>\n<\/div>\n<p>&nbsp;<\/p>\n<div id='gallery-1' class='gallery galleryid-4145 gallery-columns-3 gallery-size-thumbnail'><figure class='gallery-item'>\n\t\t\t<div class='gallery-icon landscape'>\n\t\t\t\t<a href='https:\/\/helpful.my-mind.online\/wp-content\/uploads\/2021\/08\/heraw-8.png' rel=\"lightbox[gallery-0]\"><img loading=\"lazy\" decoding=\"async\" width=\"100\" height=\"100\" src=\"https:\/\/helpful.my-mind.online\/wp-content\/uploads\/2021\/08\/heraw-8-100x100.png\" class=\"attachment-thumbnail size-thumbnail\" alt=\"\" srcset=\"https:\/\/helpful.my-mind.online\/wp-content\/uploads\/2021\/08\/heraw-8-100x100.png 100w, https:\/\/helpful.my-mind.online\/wp-content\/uploads\/2021\/08\/heraw-8-150x150.png 150w, https:\/\/helpful.my-mind.online\/wp-content\/uploads\/2021\/08\/heraw-8-600x600.png 600w, https:\/\/helpful.my-mind.online\/wp-content\/uploads\/2021\/08\/heraw-8-96x96.png 96w\" sizes=\"auto, (max-width: 100px) 100vw, 100px\" \/><\/a>\n\t\t\t<\/div><\/figure><figure class='gallery-item'>\n\t\t\t<div class='gallery-icon landscape'>\n\t\t\t\t<a href='https:\/\/helpful.my-mind.online\/wp-content\/uploads\/2021\/08\/heraw-9.png' rel=\"lightbox[gallery-0]\"><img loading=\"lazy\" decoding=\"async\" width=\"100\" height=\"100\" src=\"https:\/\/helpful.my-mind.online\/wp-content\/uploads\/2021\/08\/heraw-9-100x100.png\" class=\"attachment-thumbnail size-thumbnail\" alt=\"\" srcset=\"https:\/\/helpful.my-mind.online\/wp-content\/uploads\/2021\/08\/heraw-9-100x100.png 100w, https:\/\/helpful.my-mind.online\/wp-content\/uploads\/2021\/08\/heraw-9-150x150.png 150w, https:\/\/helpful.my-mind.online\/wp-content\/uploads\/2021\/08\/heraw-9-600x600.png 600w, https:\/\/helpful.my-mind.online\/wp-content\/uploads\/2021\/08\/heraw-9-96x96.png 96w\" sizes=\"auto, (max-width: 100px) 100vw, 100px\" \/><\/a>\n\t\t\t<\/div><\/figure><figure class='gallery-item'>\n\t\t\t<div class='gallery-icon landscape'>\n\t\t\t\t<a href='https:\/\/helpful.my-mind.online\/wp-content\/uploads\/2021\/08\/heraw-7.png' rel=\"lightbox[gallery-0]\"><img loading=\"lazy\" decoding=\"async\" width=\"100\" height=\"100\" src=\"https:\/\/helpful.my-mind.online\/wp-content\/uploads\/2021\/08\/heraw-7-100x100.png\" class=\"attachment-thumbnail size-thumbnail\" alt=\"\" srcset=\"https:\/\/helpful.my-mind.online\/wp-content\/uploads\/2021\/08\/heraw-7-100x100.png 100w, https:\/\/helpful.my-mind.online\/wp-content\/uploads\/2021\/08\/heraw-7-150x150.png 150w, https:\/\/helpful.my-mind.online\/wp-content\/uploads\/2021\/08\/heraw-7-600x600.png 600w, https:\/\/helpful.my-mind.online\/wp-content\/uploads\/2021\/08\/heraw-7-96x96.png 96w\" sizes=\"auto, (max-width: 100px) 100vw, 100px\" \/><\/a>\n\t\t\t<\/div><\/figure><figure class='gallery-item'>\n\t\t\t<div class='gallery-icon landscape'>\n\t\t\t\t<a href='https:\/\/helpful.my-mind.online\/wp-content\/uploads\/2021\/08\/heraw-4.png' rel=\"lightbox[gallery-0]\"><img loading=\"lazy\" decoding=\"async\" width=\"100\" height=\"100\" src=\"https:\/\/helpful.my-mind.online\/wp-content\/uploads\/2021\/08\/heraw-4-100x100.png\" class=\"attachment-thumbnail size-thumbnail\" alt=\"\" srcset=\"https:\/\/helpful.my-mind.online\/wp-content\/uploads\/2021\/08\/heraw-4-100x100.png 100w, https:\/\/helpful.my-mind.online\/wp-content\/uploads\/2021\/08\/heraw-4-150x150.png 150w, https:\/\/helpful.my-mind.online\/wp-content\/uploads\/2021\/08\/heraw-4-600x600.png 600w, https:\/\/helpful.my-mind.online\/wp-content\/uploads\/2021\/08\/heraw-4-96x96.png 96w\" sizes=\"auto, (max-width: 100px) 100vw, 100px\" \/><\/a>\n\t\t\t<\/div><\/figure><figure class='gallery-item'>\n\t\t\t<div class='gallery-icon landscape'>\n\t\t\t\t<a href='https:\/\/helpful.my-mind.online\/wp-content\/uploads\/2021\/08\/heraw-6.png' rel=\"lightbox[gallery-0]\"><img loading=\"lazy\" decoding=\"async\" width=\"100\" height=\"100\" src=\"https:\/\/helpful.my-mind.online\/wp-content\/uploads\/2021\/08\/heraw-6-100x100.png\" class=\"attachment-thumbnail size-thumbnail\" alt=\"\" srcset=\"https:\/\/helpful.my-mind.online\/wp-content\/uploads\/2021\/08\/heraw-6-100x100.png 100w, https:\/\/helpful.my-mind.online\/wp-content\/uploads\/2021\/08\/heraw-6-150x150.png 150w, https:\/\/helpful.my-mind.online\/wp-content\/uploads\/2021\/08\/heraw-6-600x600.png 600w, https:\/\/helpful.my-mind.online\/wp-content\/uploads\/2021\/08\/heraw-6-96x96.png 96w\" sizes=\"auto, (max-width: 100px) 100vw, 100px\" \/><\/a>\n\t\t\t<\/div><\/figure><figure class='gallery-item'>\n\t\t\t<div class='gallery-icon landscape'>\n\t\t\t\t<a href='https:\/\/helpful.my-mind.online\/wp-content\/uploads\/2021\/08\/heraw-5.png' rel=\"lightbox[gallery-0]\"><img loading=\"lazy\" decoding=\"async\" width=\"100\" height=\"100\" src=\"https:\/\/helpful.my-mind.online\/wp-content\/uploads\/2021\/08\/heraw-5-100x100.png\" class=\"attachment-thumbnail size-thumbnail\" alt=\"\" srcset=\"https:\/\/helpful.my-mind.online\/wp-content\/uploads\/2021\/08\/heraw-5-100x100.png 100w, https:\/\/helpful.my-mind.online\/wp-content\/uploads\/2021\/08\/heraw-5-150x150.png 150w, https:\/\/helpful.my-mind.online\/wp-content\/uploads\/2021\/08\/heraw-5-600x600.png 600w, https:\/\/helpful.my-mind.online\/wp-content\/uploads\/2021\/08\/heraw-5-96x96.png 96w\" sizes=\"auto, (max-width: 100px) 100vw, 100px\" \/><\/a>\n\t\t\t<\/div><\/figure><figure class='gallery-item'>\n\t\t\t<div class='gallery-icon landscape'>\n\t\t\t\t<a href='https:\/\/helpful.my-mind.online\/wp-content\/uploads\/2021\/08\/heraw-3.png' rel=\"lightbox[gallery-0]\"><img loading=\"lazy\" decoding=\"async\" width=\"100\" height=\"100\" src=\"https:\/\/helpful.my-mind.online\/wp-content\/uploads\/2021\/08\/heraw-3-100x100.png\" class=\"attachment-thumbnail size-thumbnail\" alt=\"\" srcset=\"https:\/\/helpful.my-mind.online\/wp-content\/uploads\/2021\/08\/heraw-3-100x100.png 100w, https:\/\/helpful.my-mind.online\/wp-content\/uploads\/2021\/08\/heraw-3-150x150.png 150w, https:\/\/helpful.my-mind.online\/wp-content\/uploads\/2021\/08\/heraw-3-600x600.png 600w, https:\/\/helpful.my-mind.online\/wp-content\/uploads\/2021\/08\/heraw-3-96x96.png 96w\" sizes=\"auto, (max-width: 100px) 100vw, 100px\" \/><\/a>\n\t\t\t<\/div><\/figure><figure class='gallery-item'>\n\t\t\t<div class='gallery-icon landscape'>\n\t\t\t\t<a href='https:\/\/helpful.my-mind.online\/wp-content\/uploads\/2021\/08\/heraw-2.png' rel=\"lightbox[gallery-0]\"><img loading=\"lazy\" decoding=\"async\" width=\"100\" height=\"100\" src=\"https:\/\/helpful.my-mind.online\/wp-content\/uploads\/2021\/08\/heraw-2-100x100.png\" class=\"attachment-thumbnail size-thumbnail\" alt=\"\" srcset=\"https:\/\/helpful.my-mind.online\/wp-content\/uploads\/2021\/08\/heraw-2-100x100.png 100w, https:\/\/helpful.my-mind.online\/wp-content\/uploads\/2021\/08\/heraw-2-150x150.png 150w, https:\/\/helpful.my-mind.online\/wp-content\/uploads\/2021\/08\/heraw-2-600x600.png 600w, https:\/\/helpful.my-mind.online\/wp-content\/uploads\/2021\/08\/heraw-2-96x96.png 96w\" sizes=\"auto, (max-width: 100px) 100vw, 100px\" \/><\/a>\n\t\t\t<\/div><\/figure>\n\t\t<\/div>\n\n","protected":false},"excerpt":{"rendered":"<p><a href=\"https:\/\/heraw.com\/\">https:\/\/heraw.com\/<\/a><\/p>\n","protected":false},"featured_media":4146,"comment_status":"closed","ping_status":"closed","template":"","meta":[],"class_list":{"0":"post-4145","1":"product","2":"type-product","3":"status-publish","4":"has-post-thumbnail","6":"product_cat-soft-serveur","8":"first","9":"instock","10":"shipping-taxable","11":"product-type-simple"},"_links":{"self":[{"href":"https:\/\/helpful.my-mind.online\/index.php?rest_route=\/wp\/v2\/product\/4145","targetHints":{"allow":["GET"]}}],"collection":[{"href":"https:\/\/helpful.my-mind.online\/index.php?rest_route=\/wp\/v2\/product"}],"about":[{"href":"https:\/\/helpful.my-mind.online\/index.php?rest_route=\/wp\/v2\/types\/product"}],"replies":[{"embeddable":true,"href":"https:\/\/helpful.my-mind.online\/index.php?rest_route=%2Fwp%2Fv2%2Fcomments&post=4145"}],"wp:featuredmedia":[{"embeddable":true,"href":"https:\/\/helpful.my-mind.online\/index.php?rest_route=\/wp\/v2\/media\/4146"}],"wp:attachment":[{"href":"https:\/\/helpful.my-mind.online\/index.php?rest_route=%2Fwp%2Fv2%2Fmedia&parent=4145"}],"curies":[{"name":"wp","href":"https:\/\/api.w.org\/{rel}","templated":true}]}}